{"id":296,"date":"2024-08-31T21:52:32","date_gmt":"2024-08-31T19:52:32","guid":{"rendered":"http:\/\/www.ecrirealoreille.fr\/?page_id=296"},"modified":"2024-12-08T15:57:38","modified_gmt":"2024-12-08T14:57:38","slug":"accompagnementindividuelalecriture","status":"publish","type":"page","link":"https:\/\/www.ecrirealoreille.fr\/index.php\/accompagnementindividuelalecriture\/","title":{"rendered":"Accompagnement individuel \u00e0 l\u2019\u00e9criture"},"content":{"rendered":"\n<p><\/p>\n\n\n\n<p><\/p>\n\n\n\n<div class=\"wp-block-group is-nowrap is-layout-flex wp-container-core-group-is-layout-6c531013 wp-block-group-is-layout-flex\">\n<p><\/p>\n\n\n\n<div class=\"wp-block-media-text has-media-on-the-right has-background\" style=\"background:linear-gradient(135deg,rgb(26,39,45) 0%,rgba(49,47,51,0.45) 100%);grid-template-columns:auto 23%\"><div class=\"wp-block-media-text__content\">\n<p class=\"has-alegreya-font-family has-superbfont-small-font-size\" style=\"letter-spacing:1.5px;line-height:1.2\"><em>\u00ab&nbsp;J&rsquo;ai toujours voulu raconter ma vie pour transmettre \u00e0 mes enfants, mais je ne sais pas par quel bout commencer \u00bb<\/em><\/p>\n\n\n\n<p class=\"has-text-align-right has-alegreya-font-family has-superbfont-small-font-size\" style=\"letter-spacing:1.5px;line-height:1.2\"><em>\u00ab\u00a0J&rsquo;ai d\u00e9marr\u00e9 une nouvelle, il y a longtemps, mais tout seul je bloque, c\u2019est difficile de s\u2019y mettre\u00a0 \u00bb<\/em><\/p>\n\n\n\n<p class=\"has-text-align-right has-alegreya-font-family has-superbfont-small-font-size\" style=\"letter-spacing:1.5px;line-height:1.2\"><em>\u00ab\u00a0J\u2019ai r\u00e9dig\u00e9 un texte mais je sens que le style est un peu lourd\u00a0\u00bb<\/em><\/p>\n\n\n\n<hr class=\"wp-block-separator has-alpha-channel-opacity\"\/>\n\n\n\n<p class=\"has-alegreya-font-family has-superbfont-small-font-size\" style=\"letter-spacing:1.5px;line-height:1.2\"><br>Bien s\u00fbr, on \u00e9crit seul. Mais l\u2019\u00e9criture ne se nourrit pas exclusivement de solitude.<\/p>\n\n\n\n<p class=\"has-alegreya-font-family has-superbfont-small-font-size\" style=\"letter-spacing:1.5px;line-height:1.2\">A certains paliers, le besoin se fait sentir d\u2019une personne ext\u00e9rieure, qui encourage, valorise les avanc\u00e9es du travail, relativise les difficult\u00e9s, stimule par l\u2019apport d\u2019outils techniques et par des suggestions de lectures, pose les bonnes questions, pr\u00e9cises et strat\u00e9giques.<\/p>\n\n\n\n<p class=\"has-alegreya-font-family has-superbfont-small-font-size\" style=\"letter-spacing:1.5px;line-height:1.2\"><strong>Vous souhaitez accorder du temps \u00e0 l\u2019\u00e9criture de votre projet et \u00eatre accompagn\u00e9&nbsp;?<\/strong><\/p>\n\n\n\n<p class=\"has-alegreya-font-family has-superbfont-small-font-size\" style=\"letter-spacing:1.5px;line-height:1.2\">Quel que soit le projet dans lequel vous \u00eates engag\u00e9, bref ou de longue haleine, professionnel ou personnel, \u00e0 chaque \u00e9tape, je vous pr\u00eate main forte.<\/p>\n\n\n\n<p class=\"has-alegreya-font-family has-superbfont-small-font-size\" style=\"letter-spacing:1.5px;line-height:1.2\">Un premier entretien permet de prendre connaissance de votre projet \u00e0 la suite de quoi je vous adresse un devis.<\/p>\n\n\n\n<p class=\"has-alegreya-font-family has-superbfont-small-font-size\" style=\"letter-spacing:1.5px;line-height:1.2\">Pour un engagement significatif de part et d&rsquo;autre, il est demand\u00e9 de s&rsquo;engager pour un minimum de trois s\u00e9ances (ch\u00e8ques \u00e0 remettre d\u00e8s la premi\u00e8re s\u00e9ance de travail, encaissement diff\u00e9r\u00e9).<br>Tarif sur demande.<\/p>\n<\/div><figure class=\"wp-block-media-text__media\"><img loading=\"lazy\" decoding=\"async\" width=\"209\" height=\"250\" src=\"http:\/\/www.ecrirealoreille.fr\/wp-content\/uploads\/2024\/08\/ange02.png\" alt=\"\" class=\"wp-image-258 size-full\"\/><\/figure><\/div>\n<\/div>\n\n\n\n<hr class=\"wp-block-separator has-alpha-channel-opacity is-style-wide\"\/>\n\n\n\n<hr class=\"wp-block-separator has-alpha-channel-opacity is-style-wide\"\/>\n\n\n\n<hr class=\"wp-block-separator has-alpha-channel-opacity is-style-wide\"\/>\n\n\n\n<div class=\"wp-block-media-text has-background\" style=\"background:linear-gradient(135deg,rgb(26,39,45) 0%,rgba(49,47,51,0.45) 100%);padding-top:var(--wp--preset--spacing--superbspacing-xsmall);padding-right:var(--wp--preset--spacing--superbspacing-small);padding-bottom:var(--wp--preset--spacing--superbspacing-xsmall);padding-left:var(--wp--preset--spacing--superbspacing-small);grid-template-columns:17% auto\"><figure class=\"wp-block-media-text__media\"><img loading=\"lazy\" decoding=\"async\" width=\"150\" height=\"150\" src=\"http:\/\/www.ecrirealoreille.fr\/wp-content\/uploads\/2024\/12\/temoignages-150x150.png\" alt=\"\" class=\"wp-image-849 size-thumbnail\"\/><\/figure><div class=\"wp-block-media-text__content\">\n<p class=\"has-alegreya-font-family has-superbfont-small-font-size\" style=\"font-style:normal;font-weight:400;letter-spacing:1.5px;line-height:1.2\">Maud C. R\u00e9cit autobiographique &#8211; <em>As-tu d\u00e9j\u00e0 vu ton p\u00e8re mettre ses chaussettes debout ?<\/em><\/p>\n\n\n\n<p class=\"has-text-align-left has-alegreya-font-family has-superbfont-xsmall-font-size\" style=\"font-style:normal;font-weight:400;letter-spacing:1.5px;line-height:1.2\">\u00ab\u00a0<em>Lors de l\u2019accompagnement \u00e0 l\u2019\u00e9criture de mon r\u00e9cit autobiographique, Nathalie m\u2019a permis d\u2019avoir plus d\u2019aisance. Vers le chemin de l\u2019\u00e9dition de mon livre, Nathalie m\u2019a aid\u00e9e \u00e0 prendre confiance en moi, tout en restant discr\u00e8te.&nbsp;En proposant, tout en laissant libre court \u00e0 mon style, sans rien m\u2019imposer.&nbsp;&nbsp;Nathalie a r\u00e9ussi \u00e0 me conseiller pour donner plus de sens et de relief \u00e0 mon texte.&nbsp;Elle m\u2019a aid\u00e9 \u00e0 reformuler un texte d\u00e9j\u00e0 existant, par petites touches de bons conseils et des techniques d\u2019\u00e9criture.<\/em>\u00ab\u00a0<\/p>\n\n\n\n<p><\/p>\n\n\n\n<p class=\"has-alegreya-font-family has-superbfont-small-font-size\" style=\"font-style:normal;font-weight:400;letter-spacing:1.5px;line-height:1.2\">Danielle E. R\u00e9cit autobiographique &#8211; <em>Promenades dans ma vie<\/em><\/p>\n\n\n\n<p class=\"has-text-align-left has-alegreya-font-family has-superbfont-xsmall-font-size\" style=\"font-style:normal;font-weight:400;letter-spacing:1.5px;line-height:1.2\">\u00ab\u00a0Un mois de septembre, j&rsquo;ai rencontr\u00e9 Nathalie qui a accompagn\u00e9 le projet. M&rsquo;aide \u00e0 me d\u00e9cider. A mettre en forme, \u00e0 cent fois remettre l&rsquo;ouvrage sur le m\u00e9tier. A \u00e9crire et r\u00e9\u00e9crire, \u00e0 retrouver dans ma m\u00e9moire tout ce que j&rsquo;y avais enfoui. Et touche apr\u00e8s touche, un peu malgr\u00e9 moi, les souvenirs s&rsquo;organisent.<\/p>\n\n\n\n<p class=\"has-text-align-left has-alegreya-font-family has-superbfont-xsmall-font-size\" style=\"font-style:normal;font-weight:400;letter-spacing:1.5px;line-height:1.2\"><\/p>\n\n\n\n<p class=\"has-text-align-left has-alegreya-font-family has-superbfont-xsmall-font-size\" style=\"font-style:normal;font-weight:400;letter-spacing:1.5px;line-height:1.2\">Lo\u00efc.L. &#8211; R\u00e9daction d&rsquo;un article professionnel pour intranet<\/p>\n\n\n\n<p class=\"has-text-align-left has-alegreya-font-family has-superbfont-xsmall-font-size\" style=\"font-style:normal;font-weight:400;letter-spacing:1.5px;line-height:1.2\">Bien que court et simple, je savais que mon article allait \u00eatre lu par plusieurs centaines de personnes. J&rsquo;ai fait appel \u00e0 Nathalie pour une relecture professionnelle ax\u00e9e sur le choix des mots et des tournures de phrases. J&rsquo;ai pu m&rsquo;apercevoir de la complexit\u00e9 de l&rsquo;exercice pour aboutir \u00e0 l&rsquo;article parfait qui ne souffrirait d&rsquo;aucune critique sur la forme. L&rsquo;aide \u00e0 la r\u00e9daction de Nathalie a \u00e9t\u00e9 rapide et efficace et m&rsquo;a permis de me sentir en toute confiance avant la parution.<br><\/p>\n\n\n\n<p><\/p>\n\n\n\n<p><\/p>\n<\/div><\/div>\n","protected":false},"excerpt":{"rendered":"<p>\u00ab&nbsp;J&rsquo;ai toujours voulu raconter ma vie pour transmettre \u00e0 mes enfants, mais je ne sais pas par quel bout commencer \u00bb \u00ab\u00a0J&rsquo;ai d\u00e9marr\u00e9 une nouvelle, il y a longtemps, mais tout seul je bloque, c\u2019est difficile de s\u2019y mettre\u00a0 \u00bb \u00ab\u00a0J\u2019ai r\u00e9dig\u00e9 un texte mais je sens que le style est un peu lourd\u00a0\u00bb Bien [&hellip;]<\/p>\n","protected":false},"author":1,"featured_media":0,"parent":0,"menu_order":0,"comment_status":"closed","ping_status":"closed","template":"","meta":{"footnotes":""},"class_list":["post-296","page","type-page","status-publish","hentry"],"_links":{"self":[{"href":"https:\/\/www.ecrirealoreille.fr\/index.php\/wp-json\/wp\/v2\/pages\/296","targetHints":{"allow":["GET"]}}],"collection":[{"href":"https:\/\/www.ecrirealoreille.fr\/index.php\/wp-json\/wp\/v2\/pages"}],"about":[{"href":"https:\/\/www.ecrirealoreille.fr\/index.php\/wp-json\/wp\/v2\/types\/page"}],"author":[{"embeddable":true,"href":"https:\/\/www.ecrirealoreille.fr\/index.php\/wp-json\/wp\/v2\/users\/1"}],"replies":[{"embeddable":true,"href":"https:\/\/www.ecrirealoreille.fr\/index.php\/wp-json\/wp\/v2\/comments?post=296"}],"version-history":[{"count":34,"href":"https:\/\/www.ecrirealoreille.fr\/index.php\/wp-json\/wp\/v2\/pages\/296\/revisions"}],"predecessor-version":[{"id":890,"href":"https:\/\/www.ecrirealoreille.fr\/index.php\/wp-json\/wp\/v2\/pages\/296\/revisions\/890"}],"wp:attachment":[{"href":"https:\/\/www.ecrirealoreille.fr\/index.php\/wp-json\/wp\/v2\/media?parent=296"}],"curies":[{"name":"wp","href":"https:\/\/api.w.org\/{rel}","templated":true}]}}